045a4 - -9?
67045b1
In base 11, what is 108493a - 9?
1084931
In base 7, what is -5 + -44463456?
-44463464
In base 2, what is 1110100011 + 101010011000?
111000111011
In base 2, what is -1010101 - 100010101011010?
-100010110101111
In base 6, what is 30 - 40325513?
-40325443
In base 15, what is -16 + b6ad?
b697
In base 5, what is -14 - -40403423?
40403404
In base 3, what is 2222 - 202121021222?
-202121012000
In base 2, what is 10100101 - 101011100000001?
-101011001011100
In base 16, what is 88ed + -4c?
88a1
In base 13, what is 6 + -40b4bba?
-40b4bb4
In base 16, what is 139c59 - -e?
139c67
In base 4, what is -3223313211 - -10?
-3223313201
In base 2, what is -1 + 10101010001101100110001011?
10101010001101100110001010
In base 15, what is 16d999d5 + -2?
16d999d3
In base 14, what is -1461c0b + -3?
-1461c10
In base 12, what is -1033210 - -280?
-1032b50
In base 12, what is 552805 + -11?
5527b4
In base 10, what is -4 + -443114805?
-443114809
In base 13, what is -3781 - 154?
-3905
In base 12, what is -190a88a + 29?
-190a861
In base 8, what is -1574475212 + 5?
-1574475205
In base 4, what is 101201330002001 - 0?
101201330002001
In base 3, what is 1110120011210012202 + -2?
1110120011210012200
In base 3, what is 2 + -22001121021220?
-22001121021211
In base 4, what is -3013111 - 300000?
-3313111
In base 15, what is 291e79 - d?
291e6b
In base 14, what is -825 - -21044?
2061d
In base 5, what is -314 - -3324012?
3323143
In base 7, what is -42142352 + -10?
-42142362
In base 4, what is -10 + -23301333103?
-23301333113
In base 16, what is -28 - -6c0fe?
6c0d6
In base 9, what is -3656 - -7847?
4181
In base 13, what is 1 - 86aca2?
-86aca1
In base 9, what is -120603 + 1164?
-118428
In base 12, what is 1261 - 55896?
-54635
In base 10, what is 732590636 + -4?
732590632
In base 7, what is -134 + -42032?
-42166
In base 10, what is -4 - -4273144?
4273140
In base 15, what is 4 + -110b644c?
-110b6448
In base 9, what is -147885028 + 5?
-147885023
In base 10, what is 108 - -86453?
86561
In base 8, what is -74450611 - 11?
-74450622
In base 10, what is -41 - 15239969?
-15240010
In base 6, what is -22 - 3133534032?
-3133534054
In base 15, what is -aca + 1de8?
131d
In base 4, what is -1310033210 + 21?
-1310033123
In base 11, what is 55 + 1022631?
1022686
In base 10, what is 236972326 - -2?
236972328
In base 13, what is 2460 - -4340?
67a0
In base 6, what is 445 + 3414041?
3414530
In base 3, what is -12222 + 211100011012?
211022221020
In base 13, what is 180b7ab7 - 5?
180b7ab2
In base 9, what is -7 + -516821?
-516828
In base 4, what is -11320 - -1231001122?
1230323202
In base 10, what is 803 - 213007?
-212204
In base 3, what is -220200 - 10010001100202?
-10010002021102
In base 9, what is -134 - -3417076?
3416842
In base 5, what is 104 - 1240123?
-1240014
In base 6, what is 12452 - -2102143?
2115035
In base 9, what is -143114 + -2020?
-145134
In base 4, what is -121131 + -12123001?
-12310132
In base 4, what is 1222202120310 + -3?
1222202120301
In base 4, what is -1032302122101 + 121?
-1032302121320
In base 3, what is -110101022 - -21121220?
-11202102
In base 7, what is 4 + -22262303?
-22262266
In base 14, what is -7a8 - 1ab?
-975
In base 12, what is 9b - -7483b?
7491a
In base 15, what is 19dbec - -bb?
19dcb8
In base 15, what is -4 - deb89?
-deb8d
In base 8, what is 612514 - -14?
612530
In base 2, what is 1011000111 - 10010000011101?
-10000101010110
In base 16, what is 16e8c8 + 22b?
16eaf3
In base 12, what is -234 + 26964?
26730
In base 11, what is -16254 - -700?
-15654
In base 8, what is -536441 - 51?
-536512
In base 9, what is 4 + 6171662?
6171666
In base 8, what is -33162 + 26?
-33134
In base 4, what is -123101012 + -233301?
-130000313
In base 7, what is -241456 + 645?
-240511
In base 6, what is 1213 + -3000203?
-2554550
In base 16, what is -654e - 109?
-6657
In base 10, what is 323 - -29442?
29765
In base 2, what is -110 + -100100011101000100101?
-100100011101000101011
In base 13, what is 158918 - -18?
158933
In base 14, what is 97adc + -13?
97ac9
In base 16, what is e + 517dc?
517ea
In base 6, what is 252553034 + -21?
252553013
In base 14, what is -820cb60 + 2?
-820cb5c
In base 14, what is 300a - -c42c?
11438
In base 3, what is -12210201 - -111120022222?
111100112021
In base 7, what is 154 + -115354465?
-115354311
In base 8, what is 45760 + -375?
45363
In base 15, what is 11 + 7a1dd?
7a1ee
In base 5, what is -110133200 - -2020?
-110131130
In base 2, what is -101110 + -10111111111001100111?
-10111111111010010101
In base 11, what is 1 - -55863082?
55863083
In base 4, what is -2 + -21010132033?
-21010132101
In base 8, what is 1512017474 + -4?
1512017470
In base 13, what is 23 + a0c8617?
a0c863a
In base 16, what is -2 - -cb012a?
cb0128
In base 16, what is 83ee - 130?
82be
In base 6, what is 1542552123 - 0?
1542552123
In base 16, what is 3 + -b405b4?
-b405b1
In base 7, what is -105 - -11030665?
11030560
In base 8, what is -2712352 + -176?
-2712550
In base 4, what is 22103311210 + -3?
22103311201
In base 10, what is 3 - -27094146?
27094149
In base 14, what is 614956 - -3?
614959
In base 16, what is ba + -bd73?
-bcb9
In base 11, what is 4529731a + 4?
45297323
In base 12, what is 31 + 897154b?
8971580
In base 8, what is 2131 + -15424?
-13273
In base 11, what is -1 + 39a7310?
39a730a
In base 11, what is 8991 + 3a6?
9287
In base 12, what is 49b414 - -30?
49b444
In base 16, what is -d3 - -60ed2?
60dff
In base 2, what is 1000100111010101011001111010 - 10?
1000100111010101011001111000
In base 14, what is -419d + 2cb?
-3cb2
In base 12, what is -940 + 2152b0?
214570
In base 13, what is -11a9661c0 + -5?
-11a9661c5
In base 11, what is 1472 - 23147?
-21785
In base 14, what is 37c33 - -1431?
39264
In base 16, what is 24e9 + -141f?
10ca
In base 6, what is -1104053152 - -2?
-1104053150
In base 12, what is -5 - 8bb2b?
-8bb34
In base 3, what is -1000211110 - 2222211100?
-11000122210
In base 12, what is ba84 + -1b7?
b889
In base 10, what is 14063704 - 72?
14063632
In base 8, what is 662 - -6613401?
6614263
In base 11, what is 1 + 2531a872?
2531a873
In base 4, what is -131303 - -1300230?
1102321
In base 2, what is 1001001000010000 - -100011110001111?
1101100110011111
In base 16, what is b - -257ff35?
257ff40
In base 8, what is 7755 + 17701?
27656
In base 14, what is 173 + 7a64?
7bd7
In base 9, what is -31 - -4364422?
4364381
In base 8, what is 62663 + 160?
63043
In base 15, what is -37cd + 68ad?
30d0
In base 11, what is 192a + 1875?
36a4
In base 7, what is 4666165556 - -3?
4666165562
In base 10, what is 886122 + -4?
886118
In base 12, what is -5 + bab5726?
bab5721
In base 7, what is 60 + -4453003?
-4452613
In base 7, what is -354400 - -24345?
-330022
In base 14, what is 30c768 + -2?
30c766
In base 8, what is 2243550030 - 4?
2243550024
In base 12, what is 3 - 370b94?
-370b91
In base 6, what is -150432 + 1024?
-145404
In base 16, what is 73f0f2 + 21?
73f113
In base 4, what is -1201220330231 + -10?
-1201220330301
In base 3, what is -22101 + -1202022211?
-1202122012
In base 13, what is -7836c4 + 5?
-7836bc
In base 10, what is 475 + -209408?
-208933
In base 4, what is 3 + 11312020112?
11312020121
In base 12, what is -2b14 - 2bb8?
-5b10
In base 4, what is -12010032 + -10013202?
-22023300
In base 5, what is -1222102 - 44?
-1222201
In base 4, what is 1220121 + 3202120?
11022301
In base 6, what is -30 + 55102321?
55102251
In base 12, what is 2a3 + -4615a?
-45a77
In base 8, what is -1143752 - -470?
-1143262
In base 16, what is 5bc0 - -215f?
7d1f
In base 9, what is 5606472 - -12?
5606484
In base 12, what is 15646b7 - -9?
1564704
In base 11, what is -3137 - 28a?
-3416
In base 10, what is 3 - -94993444?
94993447
In base 11, what is 395632 - -27?
395659
In base 12, what is -4482 - 20658?
-24b1a
In base 13, what is 1456b90 + -3?
1456b8a
In base 16, what is -1d47 - 1d4?
-1f1b
In base 11, what is -3 + -7058808?
-7058810
In base 4, what is -1213230120020310 - 0?
-1213230120020310
In base 5, what is 1321403 + -222040?
1044313
In base 5, what is 1204041 - -2302?
1211343
In base 12, what is -5 + 1925b7b?
1925b76
In base 3, what is 101002210 + 20210021?
121220001
In base 12, what is 16b + -24450?
-242a1
In base 13, what is 93 - -11481?
11544
In base 12, what is 56a09 + -594?
56435
In base 4, what is -21301030 + 21230?
-212